Let x be (r/(-21))/(2/(-12)). What is the greatest common factor of 8 and x?
8
Suppose 4*v = 20, 3*v - 40 = -4*k - v. Let l(s) = -s**3 - k - 3*s + 10 + 0 - 5*s**2. Let p be l(-4). Calculate the highest common factor of 1 and p.
1
Suppose 0 = 2*q - 1 - 25. Suppose -2*u = q + 57. Let c = 71 + u. Calculate the highest common divisor of c and 4.
4
Let l(f) = -4*f - 8. Let p be l(-5). Let z be ((-5)/2)/((-55)/2904). Calculate the greatest common factor of p and z.
12
Let a be (-1)/(0 + 3/9). Let o(x) = -x**3 + 3*x**2 + 3*x + 10. Let r be o(a). What is the greatest common factor of r and 5?
5
Suppose -s + 3*q - q + 8 = 0, 4*s - 24 = 4*q. Let w be (-8 + -2)*(-2 + (2 - 2)). What is the greatest common factor of s and w?
4
Let w(f) = -6*f + 81. Let t be w(12). What is the greatest common factor of 18 and t?
9
Let r(n) = n**3 - 6*n**2 + 7*n - 8. Let f be r(5). Let l be ((-2)/(f/3))/(4/(-20)). Calculate the greatest common divisor of l and 120.
15
Let g(x) = -x**2 + x + 54. Let y(m) = -2*m. Let z be y(0). Let u be g(z). What is the highest common divisor of u and 6?
6
Let t = -19 - -56. Calculate the greatest common factor of t and 407.
37
Let j = -41 - -22. Let n = -16 - j. Suppose n*t = 49 + 71. Calculate the highest common factor of t and 16.
8
Suppose -110 = -52*m + 150. Let p = 5 + -8. Let z = p - -4. Calculate the highest common factor of m and z.
1
Suppose 0 = 3*x - 9, -2*k - 2*x + x - 1 = 0. Let r be -6*((-9)/k)/3. Let f = 16 + r. Calculate the highest common divisor of 14 and f.
7
Let p = -86 - -196. Let s be (1 - 15/21)/(5/385). Calculate the greatest common factor of p and s.
22
Let c(i) = -3*i - 6. Let u be c(-10). What is the greatest common divisor of u and 456?
24
Let u(j) = -50*j - 285. Let b be u(-6). What is the highest common divisor of b and 195?
15
Let c be (-15)/20 + 2/(8/35). Let y be -4*(-23)/16 + 2/c. Calculate the highest common divisor of 66 and y.
6
Let o = 185 + -181. Calculate the highest common factor of o and 76.
4
Suppose -6*a + 10*a + 12 = 0, m = 3*a + 57. Calculate the highest common divisor of 120 and m.
24
Let j = 1 + -3. Let z be 1 + (0 + 0 - j). Suppose z*l + 0*l = 45. What is the highest common divisor of l and 105?
15
Suppose -6*k - 269 = -353. What is the greatest common divisor of 2772 and k?
14
Let w = 200 + -158. What is the greatest common factor of 14 and w?
14
Let y be 2/(-5) - (-6438)/145. Suppose -5*o = -0*o - 20. Calculate the highest common factor of y and o.
4
Let k(r) = 4*r**3 - 3*r - 3. Let v be k(-2). Let g = v - -13. Let y be 2*(-2)/(g/28). Calculate the highest common factor of y and 63.
7
Let n = -34 - -42. Suppose -10 = -3*t + n. What is the highest common factor of 48 and t?
6
Suppose -3*r + 2*q = 8, -r - q + 4 = -0. Suppose -7*b + 17 + 11 = r. Calculate the greatest common factor of 1 and b.
1
Let u(q) = 2*q**2 - 10*q - 13. Let x be (8/16)/((-2)/24). Let y be u(x). Suppose 0 = -3*s - 2*s + 85. What is the highest common factor of y and s?
17
Let d(i) = -19*i + 669. Let n be d(35). Calculate the greatest common factor of n and 32.
4
Suppose -5*m + s = 4, -m = 4*s - 3*s + 2. Let k be -4 + (2 - 2) + m. Let i be -2 + -1 - 55/k. What is the highest common factor of 32 and i?
8
Let i = -1440 - -2419. What is the highest common divisor of 11 and i?
11
Let u be 20 - (2 + (-1 - -2)). Let p be (-20)/50 + u/5. Suppose -p*r + 444 = -5*o, 3*o + 706 = 5*r + 6*o. Calculate the greatest common factor of r and 13.
13
Suppose -3*p + 4*r = 2, 4*p = -r + 3*r - 6. Let u be -2*4*1/p. Suppose -4*l = u*x - 232, 5*l - 159 = -x + 115. What is the highest common divisor of 27 and l?
27
Let u = -8 + 12. Calculate the greatest common factor of u and 92.
4
Let u(f) = -2*f**2 + 10*f - 9. Let z be u(5). Let y(q) = q**2 + 7*q - 2. Let l be y(z). Calculate the greatest common divisor of 112 and l.
16
Let u be -5*635/(-50) - (-2)/(-4). Calculate the highest common factor of u and 315.
63
Suppose -156 = -2*v - p, -v - 142*p + 140*p + 72 = 0. Calculate the highest common divisor of v and 432.
16
Suppose l + 310 = 2*b, l - 34 = -b + 124. Suppose 4*m - 12 - b = 0. Calculate the highest common divisor of 14 and m.
14
Suppose -4*t = -7*t + 1836. What is the greatest common factor of t and 34?
34
Let q(m) = 3*m + 72. Let f be q(-22). Let w(o) = o**2 + 10*o + 12. Let t be w(-9). Calculate the greatest common divisor of f and t.
3
Suppose 18*b = 16*b + 120. Calculate the highest common factor of b and 45.
15
Let v be (1 + -2)*-17 - (-20)/(-4). Calculate the greatest common divisor of 60 and v.
12
Let d(i) = 3*i - 3. Let s be d(3). Let k(t) = t**2 - 3*t + 11. Let h be k(3). Suppose h*y - 14 = 4*y. Calculate the greatest common divisor of y and s.
2
Suppose -z + a + 68 = 5*a, -2*z + 2*a + 146 = 0. Let j be ((-56)/(-21))/(-4) - (-600)/36. Calculate the greatest common factor of z and j.
8
Suppose 14*t = -6*t + 1180. Calculate the highest common divisor of 649 and t.
59
Let c be (13 + -3)*1/2. Suppose c*i = 102 + 148. Suppose 0 = 40*g - 42*g + 40. What is the highest common factor of i and g?
10
Let x = -291 - -445. What is the highest common divisor of x and 22?
22
Suppose 0 = 49*q - 53*q + 928. Calculate the highest common divisor of 8 and q.
8
Suppose -11*h + 36 = 2*g - 7*h, -3 = 3*h. What is the highest common factor of g and 580?
20
Suppose -2*g - 5 = -3*o + 1, 0 = 5*g + 4*o - 31. Suppose -g*k - 123 = -411. Calculate the greatest common factor of k and 12.
12
Let h = 2199 - 2151. What is the highest common divisor of h and 6?
6
Suppose -18*m - 8*m = -910. What is the highest common divisor of m and 875?
35
Suppose z + 0*v = -5*v + 26, -5*v = 0. Calculate the highest common factor of 26 and z.
26
Suppose -9*t - 14 = -7*t. Let p be ((-136)/(-119))/((-1)/t). Let v be ((-2)/5)/((-2)/320). Calculate the greatest common divisor of v and p.
8
Let x be (0 + -4 - -1) + 78. What is the greatest common divisor of 200 and x?
25
Let s = -18 + 30. Let p be -1 + 0 - (0 + 89). Let f be (18/(-5))/(18/p). Calculate the greatest common divisor of f and s.
6
Let j(x) = -x - 5. Let u be j(-9). Let d = -77 - -85. Calculate the highest common divisor of u and d.
4
Suppose -h - 189 = -k, -3*k - 4*h = k - 796. Suppose k = d - 121. Calculate the greatest common divisor of 45 and d.
45
Let c(t) = 0 - 2 + 1 - t + 16*t**2. Suppose 30*n + 50 - 20 = 0. Let f be c(n). Calculate the highest common factor of 144 and f.
16
Suppose -4*i - 17 = 3*v + 2*v, -18 = -4*i + 2*v. Suppose 0 = -i*c + 1371 + 167. Suppose 139 = -5*a + c. Calculate the greatest common divisor of a and 14.
14
Let r(x) = -3*x + 26. Let m be r(8). Suppose l - 66 = -2*l. Calculate the greatest common factor of l and m.
2
Let i be (-231)/(-44)*(-32)/(-3) + 1. Calculate the greatest common divisor of 76 and i.
19
Let a be 8 - (4 + 0/(-3)). Suppose a*o + 17 - 53 = 0. What is the greatest common divisor of o and 81?
9
Let s = -11 - -11. Suppose s = 2*f - 95 - 37. Let z be (-2)/(-4) + 22/4. Calculate the highest common factor of f and z.
6
Let t be 2304/14 + (-204)/(-476). Calculate the highest common factor of 45 and t.
15
Suppose 2*m - 785 = -r, 5*r + 3*m + 1605 = 7*r. Suppose 0 = -13*k + 16*k - r. What is the greatest common divisor of 106 and k?
53
Let a(v) = -56*v + 30*v - 2 + 29*v. Suppose -2*t + 4 = -2*o, -7*t + 2*t = 4*o - 37. Let h be a(o). What is the greatest common divisor of h and 1?
1
Let s be ((-248)/3)/((176/33)/(-16)). What is the highest common divisor of 8 and s?
8
Suppose -34*x = -4*x - 2790. Calculate the highest common factor of x and 2883.
93
Let z be (-102)/27 + 4 - 798/(-54). What is the greatest common divisor of z and 165?
15
Suppose -8 = 2*h - 0*h. Let c be (-2)/5*20/h. What is the highest common divisor of c and 2?
2
Suppose 17 = 2*p - 1. Suppose 4*q - 19 - p = 0. What is the greatest common divisor of q and 133?
7
Let c = -3966 - -6342. Calculate the greatest common divisor of c and 88.
88
Suppose 172 = -3*i + i. Let f = -89 + 36. Let z = f - i. Calculate the greatest common divisor of z and 3.
3
Let r(l) = -l**2 + 13*l - 35. Let d be r(8). Let c be (d/(-4))/((-9)/216). Calculate the highest common factor of 105 and c.
15
Let x = 122 - 75. What is the greatest common factor of 141 and x?
47
Suppose 1440*c - 1456*c + 4992 = 0. Let q = 73 - 34. What is the highest common facto